{"id":67,"date":"2020-03-30T17:34:39","date_gmt":"2020-03-30T17:34:39","guid":{"rendered":"http:\/\/wp.sonnenschein-fuer-kinder.com\/?page_id=67"},"modified":"2020-03-30T18:22:51","modified_gmt":"2020-03-30T18:22:51","slug":"67-2","status":"publish","type":"page","link":"https:\/\/sonnenschein-fuer-kinder.com\/?page_id=67","title":{"rendered":"Unterst\u00fctzen"},"content":{"rendered":"\n<h3>Hilfe die ankommt!<\/h3>\n\n\n\n<div class=\"wp-block-image\"><figure class=\"alignright size-large is-resized\"><img loading=\"lazy\" src=\"http:\/\/wp.sonnenschein-fuer-kinder.com\/wp-content\/uploads\/2020\/03\/was_ihr_einem_meiner_geringsten.jpg\" alt=\"\" class=\"wp-image-43\" width=\"253\" height=\"205\"\/><\/figure><\/div>\n\n\n\n<p>Wenn Sie unsere Arbeit oder auch konkret eines unserer Projekte unterst\u00fctzen<br>m\u00f6chten,&nbsp;k\u00f6nnen Sie dies gerne durch eine Spende tun.<\/p>\n\n\n\n<p>Verein Sonnenschein f\u00fcr Kinder in Georgien e.V.<br>Hamburger Sparkasse<br>Konto: 1265107357<br>BLZ.: 200 505 50<br>IBAN: DE94 2005 0550 1265 1073 57<\/p>\n\n\n\n<p>Vielen Dank f\u00fcr Ihre Hilfe !<\/p>\n\n\n\n<p>Wenn Sie eine Spendenquittung w\u00fcnschen, geben Sie bitte auf dem \u00dcberweisungstr\u00e4ger Ihren Wohnort und Ihre Adresse an.<\/p>\n\n\n\n<h3>Kontakt, Fragen und weitere Informationen<\/h3>\n\n\n\n<p>Wenn Sie Fragen zu einem unserer Projekte haben oder auch weitere Informationen w\u00fcnschen, wenden Sie sich jederzeit gerne\u00a0an uns:<br><a href=\"mailto:info@sonnenschein-fuer-kinder.de\">E-Mail<\/a><\/p>\n","protected":false},"excerpt":{"rendered":"<p>Hilfe die ankommt! Wenn Sie unsere Arbeit oder auch konkret eines unserer Projekte unterst\u00fctzenm\u00f6chten,&nbsp;k\u00f6nnen Sie dies gerne durch eine Spende tun. Verein Sonnenschein f\u00fcr Kinder in Georgien e.V.Hamburger SparkasseKonto: 1265107357BLZ.: 200 505 50IBAN: DE94 2005 0550 1265 1073 57 Vielen<\/p>\n","protected":false},"author":1,"featured_media":0,"parent":0,"menu_order":0,"comment_status":"closed","ping_status":"closed","template":"","meta":{"_monsterinsights_skip_tracking":false,"_monsterinsights_sitenote_active":false,"_monsterinsights_sitenote_note":"","_monsterinsights_sitenote_category":0},"_links":{"self":[{"href":"https:\/\/sonnenschein-fuer-kinder.com\/index.php?rest_route=\/wp\/v2\/pages\/67"}],"collection":[{"href":"https:\/\/sonnenschein-fuer-kinder.com\/index.php?rest_route=\/wp\/v2\/pages"}],"about":[{"href":"https:\/\/sonnenschein-fuer-kinder.com\/index.php?rest_route=\/wp\/v2\/types\/page"}],"author":[{"embeddable":true,"href":"https:\/\/sonnenschein-fuer-kinder.com\/index.php?rest_route=\/wp\/v2\/users\/1"}],"replies":[{"embeddable":true,"href":"https:\/\/sonnenschein-fuer-kinder.com\/index.php?rest_route=%2Fwp%2Fv2%2Fcomments&post=67"}],"version-history":[{"count":8,"href":"https:\/\/sonnenschein-fuer-kinder.com\/index.php?rest_route=\/wp\/v2\/pages\/67\/revisions"}],"predecessor-version":[{"id":161,"href":"https:\/\/sonnenschein-fuer-kinder.com\/index.php?rest_route=\/wp\/v2\/pages\/67\/revisions\/161"}],"wp:attachment":[{"href":"https:\/\/sonnenschein-fuer-kinder.com\/index.php?rest_route=%2Fwp%2Fv2%2Fmedia&parent=67"}],"curies":[{"name":"wp","href":"https:\/\/api.w.org\/{rel}","templated":true}]}}