{"id":5,"date":"2020-03-30T16:36:30","date_gmt":"2020-03-30T16:36:30","guid":{"rendered":"http:\/\/wp.sonnenschein-fuer-kinder.com\/?page_id=5"},"modified":"2021-02-23T11:22:42","modified_gmt":"2021-02-23T11:22:42","slug":"news","status":"publish","type":"page","link":"https:\/\/sonnenschein-fuer-kinder.com\/?page_id=5","title":{"rendered":"Spendenfahrt"},"content":{"rendered":"\n<h5><strong>3948 km liegen vor uns<\/strong><\/h5>\n\n\n\n<p><strong><br>Wir sind \u00fcberw\u00e4ltigt, denn uns wurde ein Auto gespendet!<\/strong><\/p>\n\n\n\n<h5><strong><\/strong><\/h5>\n\n\n\n<p>Ein ganz besonderer, silberner Crysler PT Cruizer, denn er verf\u00fcgt im Heck \u00fcber einen eingebauten Kran f\u00fcr das einfache Verladen und das Transportieren von Rollst\u00fchlen. Eine Besonderheit, die es so in Georgien derzeit noch nicht gibt.<\/p>\n\n\n\n<div class=\"wp-block-image\"><figure class=\"alignleft size-large is-resized\"><img loading=\"lazy\" src=\"https:\/\/sonnenschein-fuer-kinder.com\/wp-content\/uploads\/2020\/03\/20170625_105718-1024x768.jpg\" alt=\"\" class=\"wp-image-81\" width=\"427\" height=\"320\" srcset=\"https:\/\/sonnenschein-fuer-kinder.com\/wp-content\/uploads\/2020\/03\/20170625_105718-1024x768.jpg 1024w, https:\/\/sonnenschein-fuer-kinder.com\/wp-content\/uploads\/2020\/03\/20170625_105718-300x225.jpg 300w, https:\/\/sonnenschein-fuer-kinder.com\/wp-content\/uploads\/2020\/03\/20170625_105718-768x576.jpg 768w, https:\/\/sonnenschein-fuer-kinder.com\/wp-content\/uploads\/2020\/03\/20170625_105718-1536x1152.jpg 1536w, https:\/\/sonnenschein-fuer-kinder.com\/wp-content\/uploads\/2020\/03\/20170625_105718-2048x1536.jpg 2048w\" sizes=\"(max-width: 427px) 100vw, 427px\" \/><\/figure><\/div>\n\n\n\n<p>In der ersten Juliwoche werden wir \u2013 das sind Gerda, die Spenderin des Autos und Daniela, unsere 1. Vorsitzende \u2013 das Auto nach Georgien fahren und es \u00fcbergeben, um dort Kinder mit k\u00f6rperlichen Beeintr\u00e4chtigungen zu unterst\u00fctzen am \u00f6ffentlichen Leben teilzuhaben.<\/p>\n\n\n\n<p>Die Vorbereitungen sind in vollem Gange und gestern haben wir unseren PT Cruizer beim Landratsamt Heilbronn zur Ausfuhr angemeldet und versichert.<\/p>\n\n\n\n<p><strong>Los gehts dann am Sonntag, 1. Juli 2018 \u00fcber M\u00fcnchen, Budapest, Sofia, Istanbul, die Schwarzmeerk\u00fcste entlang bis zum Grenz\u00fcbergang bei Batumi und dann weiter nach Tiflis.<\/strong><\/p>\n\n\n\n<div class=\"wp-block-image\"><figure class=\"alignleft size-large is-resized\"><img loading=\"lazy\" src=\"https:\/\/sonnenschein-fuer-kinder.com\/wp-content\/uploads\/2020\/03\/IMG-20180627-WA0004-scaled-e1585591478578-1024x578.jpeg\" alt=\"\" class=\"wp-image-86\" width=\"348\" height=\"196\" srcset=\"https:\/\/sonnenschein-fuer-kinder.com\/wp-content\/uploads\/2020\/03\/IMG-20180627-WA0004-scaled-e1585591478578-1024x578.jpeg 1024w, https:\/\/sonnenschein-fuer-kinder.com\/wp-content\/uploads\/2020\/03\/IMG-20180627-WA0004-scaled-e1585591478578-300x169.jpeg 300w, https:\/\/sonnenschein-fuer-kinder.com\/wp-content\/uploads\/2020\/03\/IMG-20180627-WA0004-scaled-e1585591478578-768x434.jpeg 768w, https:\/\/sonnenschein-fuer-kinder.com\/wp-content\/uploads\/2020\/03\/IMG-20180627-WA0004-scaled-e1585591478578-1536x867.jpeg 1536w, https:\/\/sonnenschein-fuer-kinder.com\/wp-content\/uploads\/2020\/03\/IMG-20180627-WA0004-scaled-e1585591478578-2048x1156.jpeg 2048w\" sizes=\"(max-width: 348px) 100vw, 348px\" \/><\/figure><\/div>\n\n\n\n<p>Wir hoffen und beten um Bewahrung, gute Stra\u00dfen, stressfreie Grenz\u00fcberquerungen, keine Probleme in der T\u00fcrkei und eine alles in allem gute Reise, so dass das Auto den Kindern in Georgien und jedem, der damit f\u00e4hrt viel Segen bringen kann.<\/p>\n\n\n\n<p>Wenn&nbsp;<strong>Du<\/strong>&nbsp;uns unterst\u00fctzen m\u00f6chtest, kannst Du uns kilometerweise nach Georgien bringen. Wir ben\u00f6tigen etwa 750 \u20ac um das Auto in Tiflis zu \u00fcbergeben.<\/p>\n\n\n\n<p><strong><br>Schenk uns, wenn Du magst 10 km des Wegs<\/strong>&nbsp;oder spendiere uns eine Tankf\u00fcllung, indem Du uns unter dem&nbsp;<strong>Stichwort \u201eKilometergeld\u201c<\/strong>&nbsp;eine Kleinigkeit spendest.<\/p>\n\n\n\n<p>Wir sind dankbar f\u00fcr jede Hilfe und senden Dir gerne ein Bild von unterwegs, w\u00e4hrend wir&nbsp;<strong>DEINE<\/strong>&nbsp;Kilometer abfahren.<\/p>\n\n\n\n<p><strong>Verein Sonnenschein f\u00fcr Kinder in Georgien e.V.<\/strong><br>Hamburger Sparkasse<br>Konto: 1265107357<br>BLZ: 200 505 50<br>IBAN: DE94 2005 0550 1265 1073 57<\/p>\n\n\n\n<p>Schreiben Sie uns gern eine&nbsp;<a href=\"mailto:info@sonnenschein-fuer-kinder.de\"><strong>E-Mail<\/strong><\/a> wenn Sie weitere Informationen w\u00fcnschen.<\/p>\n\n\n\n<figure class=\"wp-block-gallery aligncenter columns-2 is-cropped\"><ul class=\"blocks-gallery-grid\"><li class=\"blocks-gallery-item\"><figure><img loading=\"lazy\" width=\"1024\" height=\"768\" src=\"http:\/\/sonnenschein-fuer-kinder.com\/wp-content\/uploads\/2020\/03\/20170625_105726-1024x768.jpg\" alt=\"\" data-id=\"82\" data-full-url=\"http:\/\/sonnenschein-fuer-kinder.com\/wp-content\/uploads\/2020\/03\/20170625_105726-scaled.jpg\" data-link=\"http:\/\/sonnenschein-fuer-kinder.com\/?attachment_id=82\" class=\"wp-image-82\" srcset=\"https:\/\/sonnenschein-fuer-kinder.com\/wp-content\/uploads\/2020\/03\/20170625_105726-1024x768.jpg 1024w, https:\/\/sonnenschein-fuer-kinder.com\/wp-content\/uploads\/2020\/03\/20170625_105726-300x225.jpg 300w, https:\/\/sonnenschein-fuer-kinder.com\/wp-content\/uploads\/2020\/03\/20170625_105726-768x576.jpg 768w, https:\/\/sonnenschein-fuer-kinder.com\/wp-content\/uploads\/2020\/03\/20170625_105726-1536x1152.jpg 1536w, https:\/\/sonnenschein-fuer-kinder.com\/wp-content\/uploads\/2020\/03\/20170625_105726-2048x1536.jpg 2048w\" sizes=\"(max-width: 1024px) 100vw, 1024px\" \/><\/figure><\/li><li class=\"blocks-gallery-item\"><figure><img loading=\"lazy\" width=\"1024\" height=\"768\" src=\"http:\/\/sonnenschein-fuer-kinder.com\/wp-content\/uploads\/2020\/03\/20170625_105706-1024x768.jpg\" alt=\"\" data-id=\"80\" data-full-url=\"http:\/\/sonnenschein-fuer-kinder.com\/wp-content\/uploads\/2020\/03\/20170625_105706-scaled.jpg\" data-link=\"http:\/\/sonnenschein-fuer-kinder.com\/?attachment_id=80\" class=\"wp-image-80\" srcset=\"https:\/\/sonnenschein-fuer-kinder.com\/wp-content\/uploads\/2020\/03\/20170625_105706-1024x768.jpg 1024w, https:\/\/sonnenschein-fuer-kinder.com\/wp-content\/uploads\/2020\/03\/20170625_105706-300x225.jpg 300w, https:\/\/sonnenschein-fuer-kinder.com\/wp-content\/uploads\/2020\/03\/20170625_105706-768x576.jpg 768w, https:\/\/sonnenschein-fuer-kinder.com\/wp-content\/uploads\/2020\/03\/20170625_105706-1536x1152.jpg 1536w, https:\/\/sonnenschein-fuer-kinder.com\/wp-content\/uploads\/2020\/03\/20170625_105706-2048x1536.jpg 2048w\" sizes=\"(max-width: 1024px) 100vw, 1024px\" \/><\/figure><\/li><\/ul><\/figure>\n","protected":false},"excerpt":{"rendered":"<p>3948 km liegen vor uns Wir sind \u00fcberw\u00e4ltigt, denn uns wurde ein Auto gespendet! Ein ganz besonderer, silberner Crysler PT Cruizer, denn er verf\u00fcgt im Heck \u00fcber einen eingebauten Kran f\u00fcr das einfache Verladen und das Transportieren von Rollst\u00fchlen. Eine<\/p>\n","protected":false},"author":1,"featured_media":0,"parent":0,"menu_order":0,"comment_status":"closed","ping_status":"closed","template":"","meta":{"_monsterinsights_skip_tracking":false,"_monsterinsights_sitenote_active":false,"_monsterinsights_sitenote_note":"","_monsterinsights_sitenote_category":0},"_links":{"self":[{"href":"https:\/\/sonnenschein-fuer-kinder.com\/index.php?rest_route=\/wp\/v2\/pages\/5"}],"collection":[{"href":"https:\/\/sonnenschein-fuer-kinder.com\/index.php?rest_route=\/wp\/v2\/pages"}],"about":[{"href":"https:\/\/sonnenschein-fuer-kinder.com\/index.php?rest_route=\/wp\/v2\/types\/page"}],"author":[{"embeddable":true,"href":"https:\/\/sonnenschein-fuer-kinder.com\/index.php?rest_route=\/wp\/v2\/users\/1"}],"replies":[{"embeddable":true,"href":"https:\/\/sonnenschein-fuer-kinder.com\/index.php?rest_route=%2Fwp%2Fv2%2Fcomments&post=5"}],"version-history":[{"count":13,"href":"https:\/\/sonnenschein-fuer-kinder.com\/index.php?rest_route=\/wp\/v2\/pages\/5\/revisions"}],"predecessor-version":[{"id":389,"href":"https:\/\/sonnenschein-fuer-kinder.com\/index.php?rest_route=\/wp\/v2\/pages\/5\/revisions\/389"}],"wp:attachment":[{"href":"https:\/\/sonnenschein-fuer-kinder.com\/index.php?rest_route=%2Fwp%2Fv2%2Fmedia&parent=5"}],"curies":[{"name":"wp","href":"https:\/\/api.w.org\/{rel}","templated":true}]}}