{"id":10,"date":"2020-03-30T16:39:11","date_gmt":"2020-03-30T16:39:11","guid":{"rendered":"http:\/\/wp.sonnenschein-fuer-kinder.com\/?page_id=10"},"modified":"2020-03-30T18:11:30","modified_gmt":"2020-03-30T18:11:30","slug":"nino","status":"publish","type":"page","link":"https:\/\/sonnenschein-fuer-kinder.com\/?page_id=10","title":{"rendered":"Nino"},"content":{"rendered":"\n<div class=\"wp-block-image\"><figure class=\"alignright size-large is-resized\"><img loading=\"lazy\" src=\"http:\/\/wp.sonnenschein-fuer-kinder.com\/wp-content\/uploads\/2020\/03\/Nino-768x1024.jpg\" alt=\"\" class=\"wp-image-75\" width=\"269\" height=\"359\" srcset=\"https:\/\/sonnenschein-fuer-kinder.com\/wp-content\/uploads\/2020\/03\/Nino-768x1024.jpg 768w, https:\/\/sonnenschein-fuer-kinder.com\/wp-content\/uploads\/2020\/03\/Nino-225x300.jpg 225w, https:\/\/sonnenschein-fuer-kinder.com\/wp-content\/uploads\/2020\/03\/Nino-1152x1536.jpg 1152w, https:\/\/sonnenschein-fuer-kinder.com\/wp-content\/uploads\/2020\/03\/Nino.jpg 1359w\" sizes=\"(max-width: 269px) 100vw, 269px\" \/><\/figure><\/div>\n\n\n\n<p><strong>Nino Dekanoidze<\/strong>&nbsp;ist 7 Jahre alt und schwer Nierenkrank.<\/p>\n\n\n\n<p>Nino wohnt mit Ihrer Familie in einer Mietwohnung in der N\u00e4he von Gali.<br>Ihre Niereninsuffizienz ist inzwischen soweit fortgeschritten, dass sie t\u00e4glich an eine Dialyse angeschlossen werden muss. Da die Familie sehr arm ist und \u00fcber keine Krankenversicherung verf\u00fcgt, wird die Dialyse anhand eines veralteten Dialyseger\u00e4ts durchgef\u00fchrt, dass die Familie vor einiger Zeit geschenkt bekam und welches unter den gegebenen Bedingungen nur mangelhaft gereinigt werden kann. Alle Aufs\u00e4tze werden abgekocht und vielfach verwendet.<\/p>\n\n\n\n<div class=\"wp-block-image\"><figure class=\"alignleft size-large is-resized\"><img loading=\"lazy\" src=\"http:\/\/wp.sonnenschein-fuer-kinder.com\/wp-content\/uploads\/2020\/03\/Nino-Dialyse-768x1024.jpg\" alt=\"\" class=\"wp-image-77\" width=\"267\" height=\"356\" srcset=\"https:\/\/sonnenschein-fuer-kinder.com\/wp-content\/uploads\/2020\/03\/Nino-Dialyse-768x1024.jpg 768w, https:\/\/sonnenschein-fuer-kinder.com\/wp-content\/uploads\/2020\/03\/Nino-Dialyse-225x300.jpg 225w, https:\/\/sonnenschein-fuer-kinder.com\/wp-content\/uploads\/2020\/03\/Nino-Dialyse.jpg 960w\" sizes=\"(max-width: 267px) 100vw, 267px\" \/><\/figure><\/div>\n\n\n\n<p>Ninos Venen m\u00fcssen dazu jeden Tag aufs Neue angestochen werden, was ihr auf Grund der bereits sehr hohen Anzahl an Einstichen sehr gro\u00dfe Schmerzen verursacht. Oft ist es schwierig, eine geeignete Ader zu finden. Oft sind ihre Arme entz\u00fcndet.<\/p>\n\n\n\n<p>Nino hat ihr Lachen verloren.<br>Auch Besuche von Freunden, Geschenke oder ihr Lieblingsspiel k\u00f6nnen sie inzwischen nicht mehr zum L\u00e4cheln bewegen.<\/p>\n\n\n\n<p>Im Februar 2017 wurde bei Nino eine Biopsie durchgef\u00fchrt. Das Ergebnis war eine Niereninsuffizienz vom Grad V. Trotz t\u00e4glicher Dialyse verschechterte sich die Nierenfunktion im letzten Jahr weiter. Ninos K\u00f6rper kann Wasser nur sehr schlecht ausscheiden und ihr Kreatinwert ist dauerhaft enorm erh\u00f6ht.<\/p>\n\n\n\n<p>Nino konnte Ende M\u00e4rz 2018 in Tiflis zur detaillierten Diagnosestellung vorgestellt und untersucht werden. Laut Aussage der \u00c4rzte verschlechtert sich Ninos Zustand zusehens und ohne eine Nierentransplantation wird ihr nicht mehr viel Zeit bleiben.<\/p>\n\n\n\n<p>Ninos Diagnose wurde im April 2018 an das Universit\u00e4tsklinikum in T\u00fcbingen gesandt. Leider lehnte das Klinkum Ninos Behandlung Ende Mai aus Kapazit\u00e4tsgr\u00fcnden ab, wir konnten jedoch das Universit\u00e4tsklinikum in Heidelberg f\u00fcr Ninos Behandlung gewinnen. Ein genauer Kostenplan steht derzeit noch aus, es kann jedoch davon ausgegangen werden, dass sich die Kosten f\u00fcr eine Transplantation samt allen Voruntersuchungen, den Typisierungen und allen weiterf\u00fchrenden Kosten auf etwa 300.000 \u20ac belaufen werden.<\/p>\n\n\n\n<p>Ninos Eltern und auch Freunde sowie weitere Verwandte sind bereit Nino sofort eine Niere zu spenden, doch zuvor m\u00fcssen sie typisiert werden um herauszufinden, ob eine Spende \u00fcberhaupt m\u00f6glich ist. Eine solche Typisierung ist jedoch teuer und kann von der Familie nicht finanziert werden.<\/p>\n\n\n\n<p>Sollte es zu einer Transplantation kommen, ist die Familie auf Hilfe angewiesen, denn auch nach einer erfolgreichen Operation wird Nino ihr Leben lang auf teure Immunsuppressiva angewiesen sein um zu verhindern, dass ihr K\u00f6rper das fremde Organ abst\u00f6\u00dft.<\/p>\n\n\n\n<div class=\"wp-block-image\"><figure class=\"alignright size-large is-resized\"><img loading=\"lazy\" src=\"http:\/\/wp.sonnenschein-fuer-kinder.com\/wp-content\/uploads\/2020\/03\/Nino2-768x1024.jpg\" alt=\"\" class=\"wp-image-76\" width=\"275\" height=\"367\" srcset=\"https:\/\/sonnenschein-fuer-kinder.com\/wp-content\/uploads\/2020\/03\/Nino2-768x1024.jpg 768w, https:\/\/sonnenschein-fuer-kinder.com\/wp-content\/uploads\/2020\/03\/Nino2-225x300.jpg 225w, https:\/\/sonnenschein-fuer-kinder.com\/wp-content\/uploads\/2020\/03\/Nino2-1152x1536.jpg 1152w, https:\/\/sonnenschein-fuer-kinder.com\/wp-content\/uploads\/2020\/03\/Nino2.jpg 1359w\" sizes=\"(max-width: 275px) 100vw, 275px\" \/><\/figure><\/div>\n\n\n\n<p><strong><br>Nino ben\u00f6tigt dringend Hilfe<br><\/strong><\/p>\n\n\n\n<p>Wenn Sie helfen m\u00f6chten, k\u00f6nnen Sie dies gerne in Form einer Spende tun.<br>Wenn Sie eine Spendenbescheinigung w\u00fcnschen geben Sie bitte Ihren Wohnort mit an.<\/p>\n\n\n\n<p>Wir sind f\u00fcr jede noch so kleine Hilfe sehr dankbar.<\/p>\n\n\n\n<h3>Helfen<\/h3>\n\n\n\n<p>Verein Sonnenschein f\u00fcr Kinder in Georgien e.V.<br>Hamburger Sparkasse<br>Konto: 1265107357<br>BLZ.: 200 505 50<br>IBAN: DE94 2005 0550 1265 1073 57<\/p>\n\n\n\n<p>Stichwort:&nbsp;<strong>Nino<\/strong><\/p>\n\n\n\n<p>Vielen Dank f\u00fcr Ihre Hilfe !<\/p>\n\n\n\n<p>Wenn Sie eine Spendenquittung w\u00fcnschen, geben Sie bitte auf dem \u00dcberweisungstr\u00e4ger Ihren Wohnort und Ihre Adresse an.<\/p>\n\n\n\n<p><a href=\"mailto:info@sonnenschein-fuer-kinder.de\"><strong>E-Mail<\/strong><\/a>\u00a0f\u00fcr weitere Informationen.<\/p>\n","protected":false},"excerpt":{"rendered":"<p>Nino Dekanoidze&nbsp;ist 7 Jahre alt und schwer Nierenkrank. Nino wohnt mit Ihrer Familie in einer Mietwohnung in der N\u00e4he von Gali.Ihre Niereninsuffizienz ist inzwischen soweit fortgeschritten, dass sie t\u00e4glich an eine Dialyse angeschlossen werden muss. Da die Familie sehr arm<\/p>\n","protected":false},"author":1,"featured_media":0,"parent":0,"menu_order":0,"comment_status":"closed","ping_status":"closed","template":"","meta":{"_monsterinsights_skip_tracking":false,"_monsterinsights_sitenote_active":false,"_monsterinsights_sitenote_note":"","_monsterinsights_sitenote_category":0},"_links":{"self":[{"href":"https:\/\/sonnenschein-fuer-kinder.com\/index.php?rest_route=\/wp\/v2\/pages\/10"}],"collection":[{"href":"https:\/\/sonnenschein-fuer-kinder.com\/index.php?rest_route=\/wp\/v2\/pages"}],"about":[{"href":"https:\/\/sonnenschein-fuer-kinder.com\/index.php?rest_route=\/wp\/v2\/types\/page"}],"author":[{"embeddable":true,"href":"https:\/\/sonnenschein-fuer-kinder.com\/index.php?rest_route=\/wp\/v2\/users\/1"}],"replies":[{"embeddable":true,"href":"https:\/\/sonnenschein-fuer-kinder.com\/index.php?rest_route=%2Fwp%2Fv2%2Fcomments&post=10"}],"version-history":[{"count":2,"href":"https:\/\/sonnenschein-fuer-kinder.com\/index.php?rest_route=\/wp\/v2\/pages\/10\/revisions"}],"predecessor-version":[{"id":118,"href":"https:\/\/sonnenschein-fuer-kinder.com\/index.php?rest_route=\/wp\/v2\/pages\/10\/revisions\/118"}],"wp:attachment":[{"href":"https:\/\/sonnenschein-fuer-kinder.com\/index.php?rest_route=%2Fwp%2Fv2%2Fmedia&parent=10"}],"curies":[{"name":"wp","href":"https:\/\/api.w.org\/{rel}","templated":true}]}}